{"id":8079,"date":"2025-02-18T22:59:19","date_gmt":"2025-02-18T21:59:19","guid":{"rendered":"https:\/\/colonos.it\/?page_id=8079"},"modified":"2025-02-23T20:43:06","modified_gmt":"2025-02-23T19:43:06","slug":"avostanis-1996","status":"publish","type":"page","link":"https:\/\/colonos.it\/furlan\/avostanis\/avostanis-1996\/","title":{"rendered":"Avostanis 1996"},"content":{"rendered":"<p>Un spla\u00e7 cun stalis e tiezis, un p\u00e2r di lozis, cualchi cj\u00f4t tac\u00e2t dai cab\u00f4ts, i gran\u00e2rs, lis cjasis pai colonos, une schirie di mor\u00e2rs e un cac\u00e2r mat. Ach\u00ec al \u00e9 il centro. Il centro dal mont, benintind\u00fbt, ch&#8217;a nol \u00e8 un c\u00e2s ch&#8217;al sedi propite taront e paraltri nancje masse a plomp; puitost grumbol\u00f4s e intrig\u00e2t, a la barbe da la culture cuss\u00ec clamade &#8220;moderne&#8221; che di secui in ca e \u00e0 imponude la pretese di disvulu\u00e7\u00e2 la essence soteranie da la realt\u00e2t su la fonde di principis geometricamentri astrats, univers\u00e2i, inmudabii, e cun ch\u00ea di meti dongje une societ\u00e2t glob\u00e2l e splanade di plante four, disvuedade da la concretece dal spazi e dal substr\u00e2t dal timp.<br \/>\nIl curt\u00eel cui loc\u00e2i di clap e madon che lu contornin, e parsorevie un slambri di c\u00eel estr\u00f4s, al \u00e8 un organisim vivent cuntune anime vive, ch&#8217;a respire l&#8217;energje dal univiers, framie\u00e7 di grafits e segnai di fut\u00fbr che a travanin l&#8217;atmosfere di chist puest, dant cuarp al &#8220;genius loci&#8221;.<br \/>\nTancj elements, un plui diferent di chel altri, imberl\u00e2ts e in scalembri, a si instrecin davour schemas e formis four di scuare. Parie cul disglagn\u00e2si dal timp a si son messed\u00e2ts intune tressadure complesse e armoniche, tignude s\u00f9 da la fuarce dinamiche dal mism\u00e0s e dal disordin, le\u00e7 da la vite.<br \/>\nMetint ladr\u00ees in chist louc si rive a esplor\u00e2 une visual dal mont, une percezion da la realt\u00e2t, un sens dal essi resints e origin\u00e2i.<br \/>\nLaboratori furlan par une gnove civilt\u1ea5t dal localisim post-moderno.<\/p>\n<p>31 di lui &gt; 10 di Setembar 1996<br \/>\nAgriturisim Ai Colonos, Vilecjasse di Lestize (Udin &#8211; Fri\u00fbl)<\/p>\n<p><em>Cu la colaborazion di<\/em><br \/>\n<strong>Istit\u00fbt di Culture Furlane<\/strong><\/p>\n<p><em>Cul sostegn di<\/em><br \/>\n<strong>Province di Udin<br \/>\nRegion Fri\u00fbl-Vignesie Julie<\/strong><\/p>\n<p>Grazie a ducj chei che \u00e0n colabor\u00e2t par la realizazion di Avostanis, in m\u00fbt particol\u00e2r a Paolo Medeossi, Roberto Rizzi, Valter Colle, Francesco Messina, Ekostudio, Francesco Ursella, Giuliana Venturoso; Maria-Grazia Borgnolo, Riccardo Toffoletti, Andreina Ciceri, Galleria Artesegno, Fabiano Rosso, Valter Maestra, Laboratorio 2, lis aministrazions comun\u00e2ls di Lestize e Codroip<\/p>\n<p>Grazie ancje a la Distilerie De Mezzo<\/p>\n","protected":false},"excerpt":{"rendered":"<p>Un spla\u00e7 cun stalis e tiezis, un p\u00e2r di lozis, cualchi cj\u00f4t tac\u00e2t dai cab\u00f4ts, i gran\u00e2rs, lis cjasis pai colonos, une schirie di mor\u00e2rs e un cac\u00e2r mat. Ach\u00ec al \u00e9 il centro. Il centro dal mont, benintind\u00fbt, ch&#8217;a nol \u00e8 un c\u00e2s ch&#8217;al sedi propite taront e paraltri nancje masse a plomp; puitost<\/p>\n","protected":false},"author":3,"featured_media":8259,"parent":1939,"menu_order":1996,"comment_status":"closed","ping_status":"closed","template":"page-templates\/rassegna-edizione.php","meta":[],"acf":[],"_links":{"self":[{"href":"https:\/\/colonos.it\/furlan\/wp-json\/wp\/v2\/pages\/8079"}],"collection":[{"href":"https:\/\/colonos.it\/furlan\/wp-json\/wp\/v2\/pages"}],"about":[{"href":"https:\/\/colonos.it\/furlan\/wp-json\/wp\/v2\/types\/page"}],"author":[{"embeddable":true,"href":"https:\/\/colonos.it\/furlan\/wp-json\/wp\/v2\/users\/3"}],"replies":[{"embeddable":true,"href":"https:\/\/colonos.it\/furlan\/wp-json\/wp\/v2\/comments?post=8079"}],"version-history":[{"count":5,"href":"https:\/\/colonos.it\/furlan\/wp-json\/wp\/v2\/pages\/8079\/revisions"}],"predecessor-version":[{"id":8261,"href":"https:\/\/colonos.it\/furlan\/wp-json\/wp\/v2\/pages\/8079\/revisions\/8261"}],"up":[{"embeddable":true,"href":"https:\/\/colonos.it\/furlan\/wp-json\/wp\/v2\/pages\/1939"}],"wp:featuredmedia":[{"embeddable":true,"href":"https:\/\/colonos.it\/furlan\/wp-json\/wp\/v2\/media\/8259"}],"wp:attachment":[{"href":"https:\/\/colonos.it\/furlan\/wp-json\/wp\/v2\/media?parent=8079"}],"curies":[{"name":"wp","href":"https:\/\/api.w.org\/{rel}","templated":true}]}}