{"id":2918,"date":"2020-12-04T10:21:39","date_gmt":"2020-12-04T09:21:39","guid":{"rendered":"https:\/\/colonos.it\/\/privacy-policy\/"},"modified":"2020-12-04T10:21:39","modified_gmt":"2020-12-04T09:21:39","slug":"privacy-policy","status":"publish","type":"page","link":"https:\/\/colonos.it\/furlan\/privacy-policy\/","title":{"rendered":"Privacy Policy"},"content":{"rendered":"<p>La presente informativa viene resa ai sensi dell&#8217;art. 13 del Regolamento Europeo 2016\/679 (GDPR), ai sensi dell&#8217;art. 13 del d.lgs. n. 196\/2003 (Codice in materia di protezione dei dati personali) agli utenti che accedono al sito web www.colonos.it ed \u00e8 relativa a tutti i dati personali trattati secondo le modalit\u00e0 di seguito indicate. L&#8217;informativa \u00e8 resa solo per detto sito web e non anche per altri eventualmente consultati dall&#8217;utente tramite link.<br \/>\u00a0\u00a0 \u00a0<br \/>TITOLARE DEL TRATTAMENTO<br \/>Titolare del trattamento dei dati personali raccolti \u00e8 l&#8217;Associazione culturale Colonos \u2013 in seguito definita Associazione \u2013 con sede in Lestizza (UD) fraz. Villacaccia in via Giovanni da Udine n. 8, codice fiscale 94056300307.<\/p>\n<p>RESPONSABILE DEL TRATTAMENTO<br \/>Responsabile del trattamento \u00e8 il Presidente pro-tempore dell&#8217;Associazione, domiciliato per il presente incarico presso la sede dell&#8217;Associazione stessa.<\/p>\n<p>DATI RACCOLTI<br \/>I dati personali trattati sono raccolti perch\u00e9 forniti o direttamente dall\u2019interessato o automaticamente.<br \/>a) I dati forniti direttamente dall\u2019interessato sono tutti i dati personali che siano forniti al Titolare del Trattamento con qualsiasi modalit\u00e0. In particolare sono raccolti e trattati i seguenti dati personali:<br \/>\u00a0\u00a0\u00a0 a1- elenco dati raccolti: obbligatori quali indirizzo email, nome, cognome; facoltativi quali indirizzo, data e luogo di nascita, professione. <br \/>b) I dati raccolti automaticamente sono i dati di navigazione. Tali dati, pur non essendo raccolti al fine di essere associati all\u2019identit\u00e0 dell\u2019utente, potrebbero indirettamente, mediante elaborazione e associazioni con dati raccolti dal Titolare, consentire la sua identificazione. In particolare:<br \/>\u00a0\u00a0\u00a0 b1 &#8211; Indirizzo IP,<br \/>\u00a0\u00a0\u00a0 b2 &#8211; browser e device di navigazione.<br \/>In seguito all&#8217;invio di newsletter, la piattaforma utilizzata consente di rilevare l\u2019apertura di un messaggio e i clic effettuati all&#8217;interno della newsletter stessa, unitamente a dettagli relativi all&#8217;ip e al browser\/device utilizzati. La raccolta di questi dati \u00e8 fondamentale per il funzionamento dei sistemi di rinnovo implicito del trattamento (vedi la voce Modalit\u00e0 del Trattamento) e parte integrante dell&#8217;operativit\u00e0 della piattaforma di invio.<\/p>\n<p>BASE GIURIDICA E FINALITA\u2019 DEL TRATTAMENTO<br \/>I dati sono trattati esclusivamente per l&#8217;esecuzione delle attivit\u00e0 di informazione \u2013 cartacea o elettronica, singola o cumulativa \u2013 sulle attivit\u00e0 ed altre iniziative promosse dall&#8217;Associazione per proprio conto, o in collaborazione, rientranti nello scopo sociale.<br \/>L&#8217;Associazione culturale Colonos non fornisce a terze parti nessuna delle informazioni degli utenti senza il loro consenso, salvo ove richiesto dalla legge. \u00c8 in ogni caso esclusa la diffusione e il trasferimento dei dati al di fuori dello spazio UE.<\/p>\n<p>REVOCA DEL CONSENSO<br \/>L&#8217;interessato pu\u00f2 revocare immediatamente il proprio consenso alla ricezione di ogni tipo di comunicazione inviando una richiesta al Titolare del Trattamento via posta, oppure all&#8217;indirizzo email info@colonos.it, oppure cliccando sull&#8217;apposito link di disiscrizione presente nel footer di ogni newsletter ricevuta.<\/p>\n<p>MODALITA\u2019 DEL TRATTAMENTO<br \/>I dati personali sono trattati con strumenti automatizzati per il tempo strettamente necessario a conseguire gli scopi per cui sono stati raccolti prevedendo in ogni caso la verifica annuale dei dati conservati al fine di cancellare quelli ritenuti obsoleti, salvo che la legge non preveda obblighi di archiviazione.<br \/>Il trattamento dei dati avviene di norma presso la sede dell&#8217;Associazione dai componenti del Cosiglio Direttivo, qui definiti Incaricati e a ci\u00f2 autorizzati dal Responsabile del Trattamento. Sono responsabilizzate al pari degli Incaricati anche le terze parti che, svolgendo supporto esterno di qualsiasi tipo per l\u2019erogazione dei servizi da parte dell&#8217;Associazione eseguono operazioni di trattamento di dati personali. L\u2019elenco completo degli Incaricati al trattamento dei dati personali pu\u00f2 essere richiesto inviando semplice richiesta ad uno degli indirizzi segnalati alla voce Revoca del consenso.<br \/>Specifiche misure di sicurezza sono osservate per prevenire la perdita dei dati, usi illeciti o non corretti ed accessi non autorizzati.<\/p>\n<p>DIRITTI DELL\u2019INTERESSATO<br \/>Ai sensi dell\u2019art. 7 del Codice della Privacy e dell&#8217;art. 13 GDPR ciascun utente ha diritto di ottenere la conferma dell\u2019esistenza o meno dei suoi dati personali, anche se non ancora registrati, e la loro comunicazione in forma intellegibile. In particolare, l\u2019interessato ha diritto di ottenere dall&#8217;Associazione l\u2019indicazione:<br \/>&#8211; dell\u2019origine dei dati personali;<br \/>&#8211; della finalit\u00e0 e delle modalit\u00e0 di trattamento;<br \/>&#8211; della logica applicata in caso di trattamento effettuato con l\u2019ausilio di strumenti elettronici\/informatici;<br \/>&#8211; gli estremi identificativi del titolare, dei responsabili e del rappresentante designato;<br \/>&#8211; dei soggetti e delle categorie di soggetti ai quali i dati possono essere comunicati o che possono venirne a conoscenza in qualit\u00e0 di rappresentante designato nel territorio dello Stato, di responsabili o incaricati.<br \/>Inoltre l\u2019interessato ha diritto di ottenere dall&#8217;Associazione: <br \/>&#8211; l\u2019aggiornamento, la rettifica ovvero l\u2019integrazione dei propri dati;<br \/>&#8211; la cancellazione, la trasformazione in forma anonima o il blocco dei dati trattati in violazione di legge;<br \/>&#8211; l&#8217;accesso ai propri dati e cio\u00e8 la conferma che sia o meno in corso un trattamento di dati personali che lo riguardano;<br \/>&#8211; la limitazione del trattamento,<br \/>&#8211; la portabilit\u00e0 del dato, cio\u00e8 il diritto di ricevere in formato strutturato i dati personali che lo riguardano;<br \/>&#8211; il diritto di reclamo all&#8217;Autorit\u00e0 di controllo.<br \/>Infine l\u2019interessato ha il diritto di opporsi, in tutto o in parte, per motivi legittimi al trattamento dei dati personali che lo riguardano, ancorch\u00e9 pertinenti allo scopo della raccolta. Le richieste di cui ai punti precedenti dovranno essere inviate ad uno degli indirizzi segnalati alla voce Revoca del consenso.<\/p>\n<p>AGGIORNAMENTI E MODIFICHE<br \/>L&#8217;Associazione si riserva il diritto di modificare, integrare o aggiornare periodicamente la presente Informativa in ossequio alla normativa applicabile o ai provvedimenti adottati dal Garante per la Protezione dei dati personali.<br \/>Le suddette modifiche o integrazioni saranno portate a conoscenza degli interessati mediante link alla pagina di Privacy Policy presente nel sito web e saranno comunicate direttamente agli interessati a mezzo email.<\/p>\n<p>Maggio 2018<\/p>\n","protected":false},"excerpt":{"rendered":"<p>La presente informativa viene resa ai sensi dell&#8217;art. 13 del Regolamento Europeo 2016\/679 (GDPR), ai sensi dell&#8217;art. 13 del d.lgs. n. 196\/2003 (Codice in materia di protezione dei dati personali) agli utenti che accedono al sito web www.colonos.it ed \u00e8 relativa a tutti i dati personali trattati secondo le modalit\u00e0 di seguito indicate. L&#8217;informativa \u00e8<\/p>\n","protected":false},"author":1,"featured_media":0,"parent":0,"menu_order":300,"comment_status":"closed","ping_status":"closed","template":"","meta":[],"acf":[],"_links":{"self":[{"href":"https:\/\/colonos.it\/furlan\/wp-json\/wp\/v2\/pages\/2918"}],"collection":[{"href":"https:\/\/colonos.it\/furlan\/wp-json\/wp\/v2\/pages"}],"about":[{"href":"https:\/\/colonos.it\/furlan\/wp-json\/wp\/v2\/types\/page"}],"author":[{"embeddable":true,"href":"https:\/\/colonos.it\/furlan\/wp-json\/wp\/v2\/users\/1"}],"replies":[{"embeddable":true,"href":"https:\/\/colonos.it\/furlan\/wp-json\/wp\/v2\/comments?post=2918"}],"version-history":[{"count":0,"href":"https:\/\/colonos.it\/furlan\/wp-json\/wp\/v2\/pages\/2918\/revisions"}],"wp:attachment":[{"href":"https:\/\/colonos.it\/furlan\/wp-json\/wp\/v2\/media?parent=2918"}],"curies":[{"name":"wp","href":"https:\/\/api.w.org\/{rel}","templated":true}]}}

<p>La presente informativa viene resa ai sensi dell&#8217;art. 13 del Regolamento Europeo 2016/679 (GDPR), ai sensi dell&#8217;art. 13 del d.lgs. n. 196/2003 (Codice in materia di protezione dei dati personali) agli utenti che accedono al sito web www.colonos.it ed è relativa a tutti i dati personali trattati secondo le modalità di seguito indicate. L&#8217;informativa è resa solo per detto sito web e non anche per altri eventualmente consultati dall&#8217;utente tramite link.<br />    <br />TITOLARE DEL TRATTAMENTO<br />Titolare del trattamento dei dati personali raccolti è l&#8217;Associazione culturale Colonos – in seguito definita Associazione – con sede in Lestizza (UD) fraz. Villacaccia in via Giovanni da Udine n. 8, codice fiscale 94056300307.</p>
<p>RESPONSABILE DEL TRATTAMENTO<br />Responsabile del trattamento è il Presidente pro-tempore dell&#8217;Associazione, domiciliato per il presente incarico presso la sede dell&#8217;Associazione stessa.</p>
<p>DATI RACCOLTI<br />I dati personali trattati sono raccolti perché forniti o direttamente dall’interessato o automaticamente.<br />a) I dati forniti direttamente dall’interessato sono tutti i dati personali che siano forniti al Titolare del Trattamento con qualsiasi modalità. In particolare sono raccolti e trattati i seguenti dati personali:<br />    a1- elenco dati raccolti: obbligatori quali indirizzo email, nome, cognome; facoltativi quali indirizzo, data e luogo di nascita, professione. <br />b) I dati raccolti automaticamente sono i dati di navigazione. Tali dati, pur non essendo raccolti al fine di essere associati all’identità dell’utente, potrebbero indirettamente, mediante elaborazione e associazioni con dati raccolti dal Titolare, consentire la sua identificazione. In particolare:<br />    b1 &#8211; Indirizzo IP,<br />    b2 &#8211; browser e device di navigazione.<br />In seguito all&#8217;invio di newsletter, la piattaforma utilizzata consente di rilevare l’apertura di un messaggio e i clic effettuati all&#8217;interno della newsletter stessa, unitamente a dettagli relativi all&#8217;ip e al browser/device utilizzati. La raccolta di questi dati è fondamentale per il funzionamento dei sistemi di rinnovo implicito del trattamento (vedi la voce Modalità del Trattamento) e parte integrante dell&#8217;operatività della piattaforma di invio.</p>
<p>BASE GIURIDICA E FINALITA’ DEL TRATTAMENTO<br />I dati sono trattati esclusivamente per l&#8217;esecuzione delle attività di informazione – cartacea o elettronica, singola o cumulativa – sulle attività ed altre iniziative promosse dall&#8217;Associazione per proprio conto, o in collaborazione, rientranti nello scopo sociale.<br />L&#8217;Associazione culturale Colonos non fornisce a terze parti nessuna delle informazioni degli utenti senza il loro consenso, salvo ove richiesto dalla legge. È in ogni caso esclusa la diffusione e il trasferimento dei dati al di fuori dello spazio UE.</p>
<p>REVOCA DEL CONSENSO<br />L&#8217;interessato può revocare immediatamente il proprio consenso alla ricezione di ogni tipo di comunicazione inviando una richiesta al Titolare del Trattamento via posta, oppure all&#8217;indirizzo email info@colonos.it, oppure cliccando sull&#8217;apposito link di disiscrizione presente nel footer di ogni newsletter ricevuta.</p>
<p>MODALITA’ DEL TRATTAMENTO<br />I dati personali sono trattati con strumenti automatizzati per il tempo strettamente necessario a conseguire gli scopi per cui sono stati raccolti prevedendo in ogni caso la verifica annuale dei dati conservati al fine di cancellare quelli ritenuti obsoleti, salvo che la legge non preveda obblighi di archiviazione.<br />Il trattamento dei dati avviene di norma presso la sede dell&#8217;Associazione dai componenti del Cosiglio Direttivo, qui definiti Incaricati e a ciò autorizzati dal Responsabile del Trattamento. Sono responsabilizzate al pari degli Incaricati anche le terze parti che, svolgendo supporto esterno di qualsiasi tipo per l’erogazione dei servizi da parte dell&#8217;Associazione eseguono operazioni di trattamento di dati personali. L’elenco completo degli Incaricati al trattamento dei dati personali può essere richiesto inviando semplice richiesta ad uno degli indirizzi segnalati alla voce Revoca del consenso.<br />Specifiche misure di sicurezza sono osservate per prevenire la perdita dei dati, usi illeciti o non corretti ed accessi non autorizzati.</p>
<p>DIRITTI DELL’INTERESSATO<br />Ai sensi dell’art. 7 del Codice della Privacy e dell&#8217;art. 13 GDPR ciascun utente ha diritto di ottenere la conferma dell’esistenza o meno dei suoi dati personali, anche se non ancora registrati, e la loro comunicazione in forma intellegibile. In particolare, l’interessato ha diritto di ottenere dall&#8217;Associazione l’indicazione:<br />&#8211; dell’origine dei dati personali;<br />&#8211; della finalità e delle modalità di trattamento;<br />&#8211; della logica applicata in caso di trattamento effettuato con l’ausilio di strumenti elettronici/informatici;<br />&#8211; gli estremi identificativi del titolare, dei responsabili e del rappresentante designato;<br />&#8211; dei soggetti e delle categorie di soggetti ai quali i dati possono essere comunicati o che possono venirne a conoscenza in qualità di rappresentante designato nel territorio dello Stato, di responsabili o incaricati.<br />Inoltre l’interessato ha diritto di ottenere dall&#8217;Associazione: <br />&#8211; l’aggiornamento, la rettifica ovvero l’integrazione dei propri dati;<br />&#8211; la cancellazione, la trasformazione in forma anonima o il blocco dei dati trattati in violazione di legge;<br />&#8211; l&#8217;accesso ai propri dati e cioè la conferma che sia o meno in corso un trattamento di dati personali che lo riguardano;<br />&#8211; la limitazione del trattamento,<br />&#8211; la portabilità del dato, cioè il diritto di ricevere in formato strutturato i dati personali che lo riguardano;<br />&#8211; il diritto di reclamo all&#8217;Autorità di controllo.<br />Infine l’interessato ha il diritto di opporsi, in tutto o in parte, per motivi legittimi al trattamento dei dati personali che lo riguardano, ancorché pertinenti allo scopo della raccolta. Le richieste di cui ai punti precedenti dovranno essere inviate ad uno degli indirizzi segnalati alla voce Revoca del consenso.</p>
<p>AGGIORNAMENTI E MODIFICHE<br />L&#8217;Associazione si riserva il diritto di modificare, integrare o aggiornare periodicamente la presente Informativa in ossequio alla normativa applicabile o ai provvedimenti adottati dal Garante per la Protezione dei dati personali.<br />Le suddette modifiche o integrazioni saranno portate a conoscenza degli interessati mediante link alla pagina di Privacy Policy presente nel sito web e saranno comunicate direttamente agli interessati a mezzo email.</p>
<p>Maggio 2018</p>

<p>La presente informativa viene resa ai sensi dell&#8217;art. 13 del Regolamento Europeo 2016/679 (GDPR), ai sensi dell&#8217;art. 13 del d.lgs. n. 196/2003 (Codice in materia di protezione dei dati personali) agli utenti che accedono al sito web www.colonos.it ed è relativa a tutti i dati personali trattati secondo le modalità di seguito indicate. L&#8217;informativa è</p>
