{"id":2850,"date":"2020-12-11T19:18:04","date_gmt":"2020-12-11T18:18:04","guid":{"rendered":"https:\/\/colonos.it\/\/dirette-web\/"},"modified":"2021-02-11T16:56:08","modified_gmt":"2021-02-11T15:56:08","slug":"dirette-web","status":"publish","type":"page","link":"https:\/\/colonos.it\/furlan\/dirette-web\/","title":{"rendered":"Diretis web"},"content":{"rendered":"<p>Il prin apontament cultur\u00e2l online dai Colonos al \u00e8 part\u00eet in direte streaming su facebook ai 10 di Mai dal 2020 cuntune declamazion conturbant di Agnul Floramo, intitulade \u201cPieri Budiel\u201d. Dal sig\u00fbr altris a vignar\u00e0n da\u00fbr. Il slungj\u00e2si da la pandemie, dutune cul isolament soci\u00e2l e la sierade dai puescj da la culture e da l\u2019art, al vier\u00e7 senaris gn\u00fbfs. E al sugjer\u00ecs gnovis sfidis tal f\u00e2 culture, che a sticin la capacit\u00e2t di speriment\u00e2 lis potenzialit\u00e2ts proferidis da lis tecnologjiis informatichis: un orizont che cum\u00f2 al ven impon\u00fbt da l\u2019emergjence, ma che la s\u00f4 prospetive in avign\u00ee e sar\u00e0 ch\u00ea di modei di simbiosi \u00e2 jenfri la comunicazion digjit\u00e2l e l\u2019esperience vive da la culture, che li dai Colonos e je marcade di une comunit\u00e2t re\u00e2l, fisiche, cun intensis relazions umanis e soci\u00e2ls.<\/p>\n","protected":false},"excerpt":{"rendered":"<p>Il prin apontament cultur\u00e2l online dai Colonos al \u00e8 part\u00eet in direte streaming su facebook ai 10 di Mai dal 2020 cuntune declamazion conturbant di Agnul Floramo, intitulade \u201cPieri Budiel\u201d. Dal sig\u00fbr altris a vignar\u00e0n da\u00fbr. Il slungj\u00e2si da la pandemie, dutune cul isolament soci\u00e2l e la sierade dai puescj da la culture e da<\/p>\n","protected":false},"author":2,"featured_media":0,"parent":0,"menu_order":210,"comment_status":"closed","ping_status":"closed","template":"page-templates\/dirette-web.php","meta":[],"acf":[],"_links":{"self":[{"href":"https:\/\/colonos.it\/furlan\/wp-json\/wp\/v2\/pages\/2850"}],"collection":[{"href":"https:\/\/colonos.it\/furlan\/wp-json\/wp\/v2\/pages"}],"about":[{"href":"https:\/\/colonos.it\/furlan\/wp-json\/wp\/v2\/types\/page"}],"author":[{"embeddable":true,"href":"https:\/\/colonos.it\/furlan\/wp-json\/wp\/v2\/users\/2"}],"replies":[{"embeddable":true,"href":"https:\/\/colonos.it\/furlan\/wp-json\/wp\/v2\/comments?post=2850"}],"version-history":[{"count":3,"href":"https:\/\/colonos.it\/furlan\/wp-json\/wp\/v2\/pages\/2850\/revisions"}],"predecessor-version":[{"id":3316,"href":"https:\/\/colonos.it\/furlan\/wp-json\/wp\/v2\/pages\/2850\/revisions\/3316"}],"wp:attachment":[{"href":"https:\/\/colonos.it\/furlan\/wp-json\/wp\/v2\/media?parent=2850"}],"curies":[{"name":"wp","href":"https:\/\/api.w.org\/{rel}","templated":true}]}}